 number?
False
Is 4248737 a prime number?
True
Is 490575653 composite?
False
Is 5037911 prime?
True
Is 17045482 a prime number?
False
Is 6092269 prime?
True
Is 16891793 composite?
False
Is 94137317 a composite number?
False
Is 1708919 a composite number?
True
Is 1250761 a prime number?
True
Is 998069 composite?
False
Is 31239619 prime?
True
Is 144981019 a composite number?
True
Is 1108565 a prime number?
False
Is 36465259 composite?
True
Is 782533703 prime?
False
Is 1240957 a prime number?
True
Is 6532039 a prime number?
False
Is 1448053 prime?
True
Is 4894105 prime?
False
Is 232047457 a composite number?
False
Is 110297737 prime?
False
Is 43449713 prime?
False
Is 236317303 a prime number?
True
Is 252447269 a composite number?
True
Is 10256079 a prime number?
False
Is 2414341 a prime number?
True
Is 402239751 a prime number?
False
Is 5562317 prime?
True
Is 64553 prime?
True
Is 3153569 composite?
False
Is 1924457 prime?
True
Is 2174 prime?
False
Is 7085839 a prime number?
True
Is 18215647 prime?
False
Is 3297169 a composite number?
True
Is 6010987 prime?
False
Is 80329 composite?
False
Is 2336419 a prime number?
False
Is 135706089 prime?
False
Is 10346871 composite?
True
Is 2122123 a composite number?
False
Is 2508553 composite?
True
Is 450491 a prime number?
False
Is 112327 prime?
True
Is 22373497 a composite number?
False
Is 85971313 a prime number?
False
Is 16223329 a prime number?
True
Is 19431961 a prime number?
True
Is 33879467 composite?
True
Is 7709327 a composite number?
True
Is 18437837 a prime number?
False
Is 750721709 a prime number?
True
Is 1885703 a prime number?
True
Is 3806039 a composite number?
True
Is 6885653 prime?
False
Is 1683433 a composite number?
False
Is 4225463 a prime number?
False
Is 38549653 composite?
False
Is 10572053 prime?
True
Is 11352841 prime?
True
Is 135989197 prime?
True
Is 385107901 a composite number?
False
Is 44052901 a composite number?
True
Is 53796541 prime?
True
Is 904673033 a prime number?
False
Is 4512817 composite?
True
Is 112407983 a composite number?
False
Is 382159001 a prime number?
False
Is 354493 a prime number?
False
Is 14297601 a prime number?
False
Is 103507 a prime number?
False
Is 143705993 a prime number?
True
Is 8658653 composite?
False
Is 4674755 a prime number?
False
Is 12316549 prime?
False
Is 19837441 a prime number?
False
Is 411871 prime?
False
Is 42628109 composite?
True
Is 190471 a prime number?
True
Is 58110539 a composite number?
True
Is 46148981 prime?
True
Is 14498023 a composite number?
False
Is 3984691 composite?
True
Is 6614383 prime?
False
Is 4473541 prime?
True
Is 258860729 a prime number?
True
Is 1144783 a composite number?
False
Is 217434011 composite?
True
Is 2043491 a composite number?
False
Is 686989 a prime number?
True
Is 42933927 a composite number?
True
Is 421527685 a composite number?
True
Is 12258889 a composite number?
True
Is 144375059 a prime number?
True
Is 162824671 a composite number?
False
Is 7473571 prime?
False
Is 137699 a composite number?
False
Is 119852129 a prime number?
False
Is 5503907 a prime number?
True
Is 652541 a composite number?
False
Is 8049221 a composite number?
False
Is 594953 a composite number?
False
Is 585110531 prime?
False
Is 504018313 prime?
True
Is 3708407 a composite number?
True
Is 118971257 prime?
True
Is 63781759 a composite number?
True
Is 139355999 prime?
False
Is 51636161 composite?
False
Is 501534191 composite?
True
Is 59134951 a prime number?
False
Is 6266461 a prime number?
False
Is 26938831 a prime number?
False
Is 50708458 a composite number?
True
Is 1555201 prime?
False
Is 159419797 a prime number?
True
Is 11381537 composite?
False
Is 63220063 prime?
True
Is 2699299 a prime number?
True
Is 42268561 a prime number?
True
Is 187879 prime?
False
Is 253641373 a prime number?
True
Is 90962293 composite?
False
Is 16306781 a composite number?
False
Is 32296157 a composite number?
False
Is 183163 a prime number?
False
Is 17386739 composite?
False
Is 87721999 a prime number?
True
Is 27983 a prime number?
True
Is 2757851 prime?
True
Is 11176987 prime?
False
Is 38024923 prime?
True
Is 4590655 composite?
True
Is 234160093 a composite number?
False
Is 25829547 composite?
True
Is 1872217 a composite number?
False
Is 575250943 prime?
True
Is 639906847 composite?
False
Is 1000279 prime?
False
Is 4592827 a prime number?
True
Is 68287441 composite?
True
Is 21438863 a prime number?
True
Is 19508729 a prime number?
False
Is 37190639 a composite number?
False
Is 1401769 a prime number?
False
Is 2012669 a prime number?
False
Is 7241347 a composite number?
False
Is 62913211 prime?
False
Is 491951995 a composite number?
True
Is 11804549 a composite number?
False
Is 4367477 a prime number?
True
Is 5610701 a prime number?
False
Is 516447493 a prime number?
False
Is 8236409 a prime number?
False
Is 169963217 a prime number?
True
Is 5333311 composite?
False
Is 325667 a composite number?
False
Is 5216917 a composite number?
False
Is 90602795 a prime number?
False
Is 119124751 a prime number?
False
Is 18677669 composite?
False
Is 95852773 prime?
False
Is 13158701 composite?
False
Is 43463702 a prime number?
False
Is 120121 a composite number?
False
Is 8213969 a composite number?
False
Is 4789667 prime?
True
Is 10795913 composite?
False
Is 6072901 a prime number?
True
Is 1406099 a composite number?
True
Is 7965119 composite?
True
Is 1676057 a composite number?
True
Is 946147 prime?
False
Is 52923179 composite?
True
Is 6091597 prime?
True
Is 22144559 prime?
True
Is 624784037 prime?
True
Is 141752807 a prime number?
False
Is 34611911 prime?
True
Is 8809721 a composite number?
False
Is 2484179 a composite number?
False
Is 1726726 composite?
True
Is 44379337 a composite number?
False
Is 488303389 a composite number?
True
Is 4240543 prime?
False
Is 1867183 prime?
True
Is 1431071 prime?
True
Is 266333 composite?
False
Is 39114713 composite?
True
Is 62142889 a prime number?
True
Is 190263 a composite number?
True
Is 6597763 composite?
True
Is 19879879 a prime number?
True
Is 14178049 composite?
False
Is 13143881 a prime number?
True
Is 29016313 a composite number?
False
Is 821477 prime?
True
Is 5017871 a composite number?
False
Is 1154759 a prime number?
False
Is 323879 prime?
True
Is 47618633 composite?
False
Is 269599699 prime?
True
Is 6406069 a composite number?
True
Is 130347317 a prime number?
False
Is 14994599 a prime number?
False
Is 1070183 composite?
True
Is 1418359 a composite number?
True
Is 19640399 a composite number?
False
Is 49300549 a composite number?
False
Is 5324461 composite?
True
Is 26605399 a prime number?
True
Is 235624393 a prime number?
True
Is 171690551 a prime number?
False
Is 4441381 a prime number?
False
Is 469198 a composite number?
True
Is 2105881 a prime number?
True
Is 37239313 a prime number?
False
Is 8631911 a composite number?
False
Is 3479627 a prime number?
True
Is 692499 prime?
False
Is 5442317 prime?
True
Is 54111133 composite?
False
Is 485251703 a composite number?
False
Is 2968937 a prime number?
True
Is 1352267 a prime number?
False
Is 2103139 prime?
True
Is 168595489 prime?
True
Is 4271662 a prime number?
False
Is 3367783 prime?
True
Is 185973297 composite?
True
Is 299797153 a prime number?
True
Is 40033403 composite?
False
Is 51268721 a composite number?
True
Is 92033 a composite number?
False
Is 5094533 composite?
False
Is 2211439 composite?
False
Is 360864583 prime?
False
Is 125063 a prime number?
True
Is 5569853 prime?
True
Is 2274611 composite?
True
Is 83601379 a composite number?
True
Is 130539299 a prime number?
False
Is 8998487 a prime number?
True
Is 11184221 a prime number?
False
Is 219362053 prime?
True
Is 13504301 prime?
True
Is 7428649 a composite number?
False
Is 148148569 a prime number?
False
Is 31578782 prime?
False
Is 79525867 a prime number?
True
Is 61420997 prime?
False
Is 14459581 a prime number?
True
Is 3151534 a prime number?
False
Is 3392993 composite?
False
Is 2453537 a composite number?
True
Is 588143 prime?
False
Is 13660499 composite?
False
Is 5706515 prime?
False
Is 8879651 a prime number?
False
Is 30675907 a composite number?
True
Is 11144977 composite?
True
Is 73880813 composite?
False
Is 1345237 prime?
False
Is 42330931 composite?
False
Is 45454259 prime?
False
Is 88637